
Suppose -468 + 54 = -6*i. What is the remainder when i is divided by 26?
17
Suppose 4*p - 24 = 16. Calculate the remainder when p is divided by (-4 - (4 - 8)) + 3.
1
Suppose c - 6 = 2*c. Let w be (c/(-9))/((-6)/(-45)). What is the remainder when 29 is divided by -3*(-8)/15*w?
5
Let v be ((-25)/(-20))/(2/8). Suppose -36 = -v*h - 11. What is the remainder when 17 is divided by h?
2
Let s = 1 + -12. Let u = s + 22. Calculate the remainder when 32 is divided by u.
10
What is the remainder when 440/6 + (-12)/(-18) is divided by 19?
17
Let b(l) = -13*l - 3. What is the remainder when 66 is divided by b(-2)?
20
Calculate the remainder when ((-162)/(-36))/(2/136) is divided by 44.
42
Let x(f) = 5*f**2 + 7*f - 11. What is the remainder when 216 is divided by x(3)?
51
Suppose 0 = 9*i - 2*i - 49. Let j(r) = -r**2 + 6*r - 1. Let x be j(6). Let o = 3 + x. Calculate the remainder when i is divided by o.
1
Let k(b) = -37*b + 2. Suppose 32 = -5*p + o - 5, -4*p + 3*o = 23. Let y = p - -28. What is the remainder when k(-1) is divided by y?
19
Suppose 0 = -5*t + 4*s + s + 65, 0 = 5*t + 4*s - 65. Suppose -5*u = -3*u - 46. Calculate the remainder when u is divided by t.
10
Suppose -9*d + 57 = -6*d. What is the remainder when d is divided by (-2 + 8 - 0) + 1?
5
Let s = -20 - -22. Suppose -s*a = -39 - 13. Calculate the remainder when a is divided by 10.
6
Suppose -2*t + s = -4*s - 43, s = -4*t + 31. What is the remainder when 34 is divided by t?
7
Suppose -4*h = -w - 1 + 3, 20 = -3*w - h. Let r(b) = -5*b - 12. Calculate the remainder when 71 is divided by r(w).
17
Let v(i) = i**2 + 2*i - 2. Let n be v(-5). Let y = 21 - n. Suppose -5*b = -0*b - 75. Calculate the remainder when b is divided by y.
7
Suppose -5 = -4*c - c - 5*o, -5*o + 5 = -c. What is the remainder when (77 - 4/(-2)) + c is divided by 20?
19
Suppose -4*k = -4*a + 44, a = -2*k + k - 5. What is the remainder when 29 is divided by k/6*(-75)/10?
9
Suppose -10*n + 3*n = -35. What is the remainder when 14/(-1 - -2) + 2 is divided by n?
1
Let d(y) = 3*y - 1. Let r = 67 - 25. What is the remainder when r is divided by d(4)?
9
Let j = 24 - 20. Suppose 0 = -3*n + j*n - 5. What is the remainder when 24 is divided by n?
4
Let l be (-4)/(-12)*(-1 - -13). Suppose -l*t = t - 30. What is the remainder when t is divided by 4?
2
Let r(w) = -8*w**2 - 1. Let f be r(1). Let b(p) = p**2 + 9*p + 11. What is the remainder when b(f) is divided by 7?
4
Let b = -43 - -23. Let o = b + 8. Let p = 58 + o. What is the remainder when p is divided by 12?
10
Let x(t) = -2*t + 3. Let k be x(2). Let l = 13 - k. Calculate the remainder when 67 is divided by l.
11
Let d(i) = 6*i - 13. What is the remainder when 66 is divided by d(6)?
20
Calculate the remainder when 25 is divided by (-2)/(20/8*(-8)/70).
4
Calculate the remainder when (-1132)/(-20) - 9/15 is divided by 30.
26
Suppose 2*w + 50 = -4*y, 5*w - 4*y + 85 - 30 = 0. Suppose 3*j - 44 = -j. Calculate the remainder when w*((-4)/3 - 0) is divided by j.
9
Let u(q) be the first derivative of -q**2/2 + 10*q + 10. Suppose -4*r = -6*r. What is the remainder when 28 is divided by u(r)?
8
Suppose -5*s + 0*s = -50. Suppose p + 3*p - 104 = 0. Calculate the remainder when p + 2 + -1 + 2 is divided by s.
9
Calculate the remainder when 27 is divided by 15/4*1*4.
12
Suppose x + 2*x = -4*o + 5, -4*o - 19 = -5*x. Let h(d) = -1. Let y(q) = -q + 4. Let l(u) = h(u) + y(u). What is the remainder when l(-4) is divided by x?
1
Let w be (2 - 4/2) + 0. Suppose -2*z + 2*y - 4 = w, z = -0*z + 4*y - 5. What is the remainder when 38 is divided by 15 - 4/(z + 3)?
12
Suppose 3*x = -0*x + 84. Calculate the remainder when x is divided by (6/(-4))/(-2 + 38/20).
13
Calculate the remainder when 72 is divided by ((-33)/(-6) + -4)*114/9.
15
Let p(y) = -8*y - 8. Calculate the remainder when 70 is divided by p(-4).
22
Suppose -2*h + 127 = 17. Calculate the remainder when h is divided by 14.
13
Let p(t) = -t**2 - 12*t + 10. Let w = 2 - 0. Suppose 28 = -3*d + a, 23 = -w*d + 7*a - 2*a. Calculate the remainder when p(d) is divided by 19.
18
Suppose 0 = -5*j + 3*y + 42, j + j = -3*y + 21. What is the remainder when j is divided by 7?
2
Let d(y) = 13*y - 2. Suppose -2*t = -4*u + t + 18, 5*u - 19 = 2*t. Suppose 0 = 5*h - u*h - 34. What is the remainder when d(4) is divided by h?
16
Let m(s) be the first derivative of s**3/3 - 3*s**2 + 2*s - 7. Calculate the remainder when m(9) is divided by 16.
13
Let k = 10 - 7. What is the remainder when k is divided by ((-4)/(-8) - 2)/((-7)/14)?
0
Let l = -2 - 17. Let f = l + 23. Calculate the remainder when 6 is divided by f.
2
Let p = 6 - -1. Let x(z) be the third derivative of z**6/120 - 2*z**5/15 + 5*z**4/12 - 7*z**3/6 - z**2. What is the remainder when 41 is divided by x(p)?
13
Suppose -15 = 3*w, 0 = 4*a - 3*w - 0*w - 135. What is the remainder when 57 is divided by a?
27
Calculate the remainder when 44 is divided by (-511)/(-35) + 4/10.
14
Let v(o) = -o + 29. Calculate the remainder when v(-12) is divided by 9.
5
Let i = -5 + 3. Let s be (-13)/2 - 1/i. Let h = s + 32. Calculate the remainder when h is divided by 14.
12
What is the remainder when 88 is divided by (0 - -2) + 56/(-3 + 5)?
28
Let d = -64 - -81. Let o(f) = -f**2. Let j(r) = -3*r**2 + 6*r + 1. Let v(w) = j(w) - 2*o(w). Calculate the remainder when d is divided by v(5).
5
Suppose 3*m = 6*z - 4*z - 6, -2*z - 5*m = 26. What is the remainder when 94/4 - (-2)/(-4) is divided by (z - -9)*(-2 - -4)?
11
Suppose -10 = q - 18. Calculate the remainder when 22 is divided by q.
6
Suppose -4*j + 0*j - 5*h = -15, -3*j + 3*h - 9 = 0. Calculate the remainder when 5 is divided by 1*-1 - (j - 4).
2
Suppose -96 = -13*p + 9*p. Calculate the remainder when p is divided by (26/(-8))/(1/(-4)).
11
Suppose -8*a = 17 - 193. What is the remainder when 85 is divided by a?
19
Let s = -53 - -103. Let l(b) = b**2 - 2*b + 13. What is the remainder when s is divided by l(0)?
11
Let t(c) = -4*c - 3. Let x = -2 + -2. Calculate the remainder when 1*4*19/2 is divided by t(x).
12
Suppose 5*r - 3*w = 35, -6*w = 3*r - 4*w - 21. Calculate the remainder when 12 is divided by r.
5
Let h = 31 + 17. What is the remainder when h is divided by 17?
14
Suppose -4*z = -z - 84. Let y(v) = v**2 - 4*v + 3. Let b be y(3). Suppose b = -4*u + 65 - 25. What is the remainder when z is divided by u?
8
Let h be (2 - -3)*(-258)/(-10). Let j = h - 90. What is the remainder when j is divided by (28/(-10))/((-1)/5)?
11
Suppose 4*b - 28 = o - 2*o, 0 = -5*o + b + 56. Suppose 0 = 5*t - 5*j - 85, -3*j - 72 = -5*t + t. Calculate the remainder when t is divided by o.
9
Let t = -20 - -33. What is the remainder when 24 is divided by t?
11
Let u(d) = -d**3 + d**2 + 9. Let h be u(0). What is the remainder when (h/(-4))/((-4)/80) is divided by 23?
22
Suppose q + 4*n - 42 = 0, -39 = -2*q - n + 2*n. Calculate the remainder when q is divided by 6.
4
Suppose 0 = 4*n - 196 + 40. What is the remainder when n is divided by 5?
4
What is the remainder when 1 is divided by 12/(-3) + (10 - 5)?
0
Suppose -4*r + 19 + 25 = 0. What is the remainder when r is divided by 7?
4
Let d(s) = -43*s. Let m(t) = t**3 + 4*t**2 + 3*t. Let i be m(-2). Suppose -i*l = -7*l + 75. What is the remainder when d(-1) is divided by l?
13
Let y(o) = 4*o**2 - 2*o + 5. What is the remainder when 32 is divided by y(2)?
15
Let i(l) = -l**3 - 6*l**2 - 6*l + 5. Let p(o) = 6*o - 2. Calculate the remainder when i(-5) is divided by p(1).
2
Let c(d) = d**3 + 8*d**2 + 5*d - 5. Let l = 25 + -1. What is the remainder when l is divided by c(-7)?
6
Let b = 39 - -35. What is the remainder when b is divided by 25?
24
Let h = 48 - 34. Suppose -2*q - 50 = -4*q + 4*o, -2*q + 58 = 4*o. What is the remainder when q is divided by h?
13
Suppose 0*d + 6*d - 30 = 0. What is the remainder when d is divided by 4?
1
What is the remainder when 31 is divided by (1/(-1) - 1) + 10?
7
Suppose -5 = -5*d, 3*c - 3*d - 2*d = 13. Let o = 4 + c. What is the remainder when 38 is divided by o?
8
Let n(o) = 5*o - 17. Let s be 98/8 + 8/(-32). Calculate the remainder when n(s) is divided by 22.
21
Let t(i) = 4*i**3 - i**2 - 4*i + 2. What is the remainder when t(3) is divided by 46?
43
Suppose -w = 2*a - 133 + 33, 0 = 4*a - 5*w - 186. What is the remainder when a is divided by 26